 - 15 = 0. What are the prime factors of c?
7
Suppose 2*v = v + 5. Suppose 3*c - v*c - 10 = 0. What are the prime factors of (c/(-2))/(3/6)?
5
Let u(w) = 4*w - 10. Let o be u(3). List the prime factors of (2/(o/33))/1.
3, 11
Suppose -h - 3*u + 6*u + 42 = 0, -2*u = 3*h - 170. Let k = -28 + h. List the prime factors of k.
2, 13
Suppose -7 + 27 = 5*w. Let g be (4 + -3)*1*5. Suppose w*f = 0, 0 = -4*y + g*y - 3*f - 6. List the prime factors of y.
2, 3
Let x be (-5)/((-5)/4) + 0. Suppose k = 1, -n + 5*n - 24 = -x*k. List the prime factors of n.
5
Let q be -3*((-38)/(-6) - 1). Let v = q - 0. Let r = v - -27. What are the prime factors of r?
11
Let f = -38 - -79. List the prime factors of f.
41
Let l(i) = i**3 + 3*i**2 - 3*i. Let n be l(2). Suppose 0 = 2*m - 18 - n. List the prime factors of m.
2
Let r = -7 - -5. Let i = 0 - r. List the prime factors of i.
2
Let q(g) = -g + 62. List the prime factors of q(0).
2, 31
Let h = -7 + 4. Let f = -2 + h. Let t = f - -22. What are the prime factors of t?
17
Suppose -2*g - 2*c + 18 = 0, 33 = 5*g + c - 2*c. Suppose -14 = -2*s - 2. Let f = g + s. What are the prime factors of f?
13
Let p = 49 + -85. Let n = 28 - p. Suppose -2*l + n = 2*l. What are the prime factors of l?
2
Let s(j) = -j**2 - j + 42. Let o = 0 + 0. What are the prime factors of s(o)?
2, 3, 7
Let l(n) = 0*n**2 - 2*n + 14 + 3*n - n**2. Let q be l(0). Suppose -2*p = -5*p - 15, 5*p + q = -f. List the prime factors of f.
11
Let n(p) = -p**2 - 7*p - 5. Let j be n(-6). Suppose -7 + j = -y. List the prime factors of y.
2, 3
Let l(u) = 15*u**2 - 5*u - 13. Let x(d) = -7*d**2 + 2*d + 6. Let h(p) = 6*l(p) + 13*x(p). Let b be h(-3). Suppose g + b*g - 24 = 0. List the prime factors of g.
2, 3
Suppose 3*v = -2*v + 130. List the prime factors of v.
2, 13
Let r(f) = 4*f**2 + 4*f - 3. Let m be r(2). Suppose 2*t - 59 = -m. What are the prime factors of t?
19
Let s = -8 - -48. Suppose -3*v = 3*h - 84, 2*v + 5*h - s - 13 = 0. Suppose -g + 2*l - 3 = 0, 7*g - 2*g + l - v = 0. List the prime factors of g.
5
Let a(r) = -2*r**3 + 2*r + 20. What are the prime factors of a(-4)?
2, 5, 7
Let m = -266 + 461. List the prime factors of m.
3, 5, 13
Suppose -925 = -7*q + 118. List the prime factors of q.
149
Suppose -3*v - 12 = 0, o + v = -v - 5. Suppose -5*x + 0*h + 3*h + 65 = 0, -73 = -o*x - 5*h. What are the prime factors of x?
2
Let c be (-7)/(-14)*(1 + -1). Suppose -8 = -c*y - 2*y + 3*o, 4*y - 4*o - 12 = 0. What are the prime factors of y*6 + 0 - 2?
2
Let r(c) = 11*c + 2. Suppose -2*i + 5*b - 11 = 0, 3*i - 6 = -b + 3. What are the prime factors of r(i)?
2, 3
Let z = 23 - 40. What are the prime factors of 1*(-3 - (z - -1))?
13
Let j = -67 - -116. List the prime factors of j.
7
Let c be -4 - ((4 - 17) + 3). Let n(g) = -3*g. Let h(m) = -m. Let w(o) = 2*h(o) - n(o). List the prime factors of w(c).
2, 3
What are the prime factors of (-8)/(-10)*(-1710)/(-12)?
2, 3, 19
Suppose v + 4 = 0, -7*u + 2*u + 27 = -3*v. Suppose -u*k + 12 = k. List the prime factors of k.
3
Suppose -2*y = 5*y - 154. List the prime factors of y.
2, 11
Let s(v) = -8*v**3 + 7 + 7*v**3 + 3*v**2 + 5*v**2 - 7*v. Let n be s(7). List the prime factors of (n/(-2))/(1/(-2)).
7
Suppose 4*h - 12 = 0, 0 = 4*q - 4*h - 671 - 417. List the prime factors of q.
5, 11
Let s(c) = 3*c**2 - 2*c + 1. Let d(q) = 7*q**2 - 3*q + 3. Let m(g) = -4*d(g) + 9*s(g). What are the prime factors of m(-5)?
2
Suppose 4*r = -r + 95. What are the prime factors of r?
19
Let q(l) = 2*l**2 + 12*l + 3. What are the prime factors of q(9)?
3, 7, 13
Let w be 1/6 + 74/(-12). Let f be w/(2 + 3/(-1)). Suppose f = 5*z - 14. List the prime factors of z.
2
What are the prime factors of 90 + (-15)/3 - 4?
3
Let g(u) = 10*u**3 + u**2 + u - 1. Suppose 0*q - 2 = -2*q. What are the prime factors of g(q)?
11
Suppose 185 = w - 2*h, 3*h + 314 = 4*w - 441. List the prime factors of w.
191
Let j = 1 + 4. Let u(c) = 2*c - j*c + c**2 + 3 - 2. What are the prime factors of u(-3)?
19
Let y be 4*(-2 - 3/(-2)). Let n = y - -4. Suppose 4*p = -n*i + 2, -5*i = 4*p + 3 + 4. List the prime factors of p.
2
Suppose 7 + 15 = -2*s. What are the prime factors of (-68)/s + 16/(-88)?
2, 3
Let f(p) = p**2 - 4*p + 3. Let v be f(5). Suppose 0 = 3*b - v + 2. What are the prime factors of b?
2
Let s(h) = -2*h - 38. List the prime factors of s(-31).
2, 3
Let f(c) = -5*c**2 + 7*c - 5. Let l(m) = 2*m + 2. Let n be l(-3). Let s(z) = 4*z**2 - 8*z + 4. Let t(o) = n*s(o) - 3*f(o). What are the prime factors of t(10)?
3
Suppose 2*i + 4 = 2, 0 = 5*r + 5*i - 475. List the prime factors of r.
2, 3
Let c be (-6)/(-12) - (-170)/4. Suppose -4*i = -3*y + 53, -4*y + 19 = -i - c. What are the prime factors of y?
3, 5
Let x(u) = 2*u - 4 + 0*u - 5. Let w = 2 - -5. List the prime factors of x(w).
5
Let u = -51 + 36. Let w be u/10*(-8)/6. Suppose 2*s - w = 4. List the prime factors of s.
3
Let i(q) = 5*q**2 - 9*q + 8. What are the prime factors of i(5)?
2, 11
Let r(u) = u**2 - 3*u - 1. Suppose 3*b + s + 4 = -7, -4*b - 11 = 5*s. Let t be r(b). What are the prime factors of (2/(-6))/((-3)/t)?
3
List the prime factors of 2 + ((-564)/(-18))/((-4)/(-6)).
7
Let z = 128 + -82. Suppose 4*f = 2 + z. List the prime factors of f.
2, 3
Let g = -34 - -49. List the prime factors of g.
3, 5
List the prime factors of -412*2/8*(-8 - -7).
103
Suppose -3*t + 46 = -434. Let c be t/(-12)*(-9)/2. Suppose 3*v - c = -2*v. List the prime factors of v.
2, 3
Let o = 3 - -53. Suppose -o = h - 5*h. List the prime factors of h.
2, 7
Suppose -24 = -3*f + f + 2*g, -11 = 2*f + 5*g. Let m = f + 4. List the prime factors of m.
11
Suppose 11*t - 185 = 6*t. What are the prime factors of t?
37
Let k(l) = 3*l + 1. Let u be k(6). Let g = u + -8. Suppose -2*y + 17 = -2*w - g, -w = -5*y + 58. List the prime factors of y.
11
Let c = -6 - -3. Suppose -3*f = 2*q + 3*q + 9, -3*f = -5*q - 21. List the prime factors of c*(0 + 4/q).
2
Let l = 170 - 109. List the prime factors of l.
61
Suppose -96 = 4*t + 4*o, -3*t + 6*t + 32 = 5*o. Let a = 36 + t. What are the prime factors of a?
17
Let s(x) = -x**2 + 6*x + 5. Let v be s(7). Suppose 5*h - 5*u + 80 = 0, -u = 5*h + 53 + 57. What are the prime factors of 0*v/4 - h?
3, 7
Let y(k) = k**2 - k + 14. What are the prime factors of y(-8)?
2, 43
Let a be (-2)/(-4) - 200/(-16). Suppose 7 = 5*i - a. What are the prime factors of (-2)/i + 31/2?
3, 5
Let t(j) = 3*j**2 + 3*j. Let u be 10/25 + (-3)/(-5). Let v be (-5)/u - (-14)/7. What are the prime factors of t(v)?
2, 3
Let p = 15 + -11. List the prime factors of p.
2
Suppose -5*p = 2*a - 34, 0 = -0*p + 2*p - 8. Let q be (-2)/(-8) + a/4. Let o = q + 8. What are the prime factors of o?
2, 5
Let p(c) = -c**3 - 5*c**2 - 3*c - 6. Let w be p(-5). What are the prime factors of (-3)/w*39*-1?
13
Let d = -2 - 10. Let k(t) = t**3 + 11*t**2 - 13*t + 13. What are the prime factors of k(d)?
5
Let r(n) = -n**3 - 5*n**2 - n - 2. Let z be r(-5). Suppose 0 = -4*m + 4*c + 100, z*c = m - 33 + 6. List the prime factors of m.
2, 3
Suppose 3*d = -2*d + 30. Suppose 0 = 4*a - 2*a - d. Suppose -f - 98 = -4*g - a*f, -g + f + 17 = 0. What are the prime factors of g?
2, 11
Let t be (-2 - -3)*(3 - 3). Let k = t + 3. What are the prime factors of k?
3
Let w be (-16)/(-3) + (-12)/(-18). Suppose -5*j = -a + 21, 5*j - 2*a = 4*j - w. List the prime factors of j/10 - 12/(-5).
2
Suppose 0 = 4*u + 2*u - 228. List the prime factors of u.
2, 19
Suppose 5*f + f = 426. What are the prime factors of f?
71
Let w(k) = -9*k**3 + 2*k**2 - k - 4. Let h be w(-3). Suppose -22*a = -17*a - h. What are the prime factors of a?
2, 13
Let f be 46/10 + (-10)/(-25). Suppose f*z = 4*z + m - 8, -5*z - 32 = -3*m. Let u = z + 8. What are the prime factors of u?
2
Let m(t) = 2*t**3 - 2*t**2 + t + 2. What are the prime factors of m(3)?
41
Suppose -n + 0 + 2 = 0. What are the prime factors of n?
2
Let f(u) be the first derivative of -u**4/4 - 5*u**2/2 - 4*u - 3. What are the prime factors of f(-3)?
2, 19
Suppose 0 = 3*s - 5*s + 6. Suppose 0 = -s*i - 4*a + 8, 2*a + 26 = 4*i + 8. List the prime factors of i.
2
Let r = 3 - 13. Let q = r - -7. Let n = q - -10. List the prime factors of n.
7
Let t(y) = -y + 5. Let v be t(4). Suppose 0 = 4*s + 2*n - 52, -4*s + 24 + 8 = -3*n. Let f = v + s. What are the prime factors of f?
2, 3
Let q = 8 + -5.